{"id":8,"date":"2024-02-19T16:25:18","date_gmt":"2024-02-19T16:25:18","guid":{"rendered":"https:\/\/vintermex.com.mx\/?page_id=8"},"modified":"2024-02-19T16:30:58","modified_gmt":"2024-02-19T16:30:58","slug":"vintermex","status":"publish","type":"page","link":"https:\/\/vintermex.com.mx\/","title":{"rendered":"VINTERMEX"},"content":{"rendered":"\t\t<div data-elementor-type=\"wp-page\" data-elementor-id=\"8\" class=\"elementor elementor-8\">\n\t\t\t\t<div class=\"elementor-element elementor-element-80b0552 e-flex e-con-boxed e-con e-parent\" data-id=\"80b0552\" data-element_type=\"container\" data-settings=\"{&quot;content_width&quot;:&quot;boxed&quot;}\" data-core-v316-plus=\"true\">\n\t\t\t\t\t<div class=\"e-con-inner\">\n\t\t\t\t<div class=\"elementor-element elementor-element-e13596d elementor-widget elementor-widget-image\" data-id=\"e13596d\" data-element_type=\"widget\" data-widget_type=\"image.default\">\n\t\t\t\t<div class=\"elementor-widget-container\">\n\t\t\t<style>\/*! elementor - v3.19.0 - 07-02-2024 *\/\n.elementor-widget-image{text-align:center}.elementor-widget-image a{display:inline-block}.elementor-widget-image a img[src$=\".svg\"]{width:48px}.elementor-widget-image img{vertical-align:middle;display:inline-block}<\/style>\t\t\t\t\t\t\t\t\t\t<img decoding=\"async\" width=\"486\" height=\"75\" src=\"https:\/\/vintermex.com.mx\/wp-content\/uploads\/2024\/02\/vinterm.jpg\" class=\"attachment-full size-full wp-image-7\" alt=\"\" srcset=\"https:\/\/vintermex.com.mx\/wp-content\/uploads\/2024\/02\/vinterm.jpg 486w, https:\/\/vintermex.com.mx\/wp-content\/uploads\/2024\/02\/vinterm-300x46.jpg 300w\" sizes=\"(max-width: 486px) 100vw, 486px\" \/>\t\t\t\t\t\t\t\t\t\t\t\t\t<\/div>\n\t\t\t\t<\/div>\n\t\t\t\t\t<\/div>\n\t\t\t\t<\/div>\n\t\t<div class=\"elementor-element elementor-element-308afc6 e-flex e-con-boxed e-con e-parent\" data-id=\"308afc6\" data-element_type=\"container\" data-settings=\"{&quot;content_width&quot;:&quot;boxed&quot;}\" data-core-v316-plus=\"true\">\n\t\t\t\t\t<div class=\"e-con-inner\">\n\t\t\t\t<div class=\"elementor-element elementor-element-ad4de68 elementor-widget elementor-widget-heading\" data-id=\"ad4de68\" data-element_type=\"widget\" data-widget_type=\"heading.default\">\n\t\t\t\t<div class=\"elementor-widget-container\">\n\t\t\t<style>\/*! elementor - v3.19.0 - 07-02-2024 *\/\n.elementor-heading-title{padding:0;margin:0;line-height:1}.elementor-widget-heading .elementor-heading-title[class*=elementor-size-]>a{color:inherit;font-size:inherit;line-height:inherit}.elementor-widget-heading .elementor-heading-title.elementor-size-small{font-size:15px}.elementor-widget-heading .elementor-heading-title.elementor-size-medium{font-size:19px}.elementor-widget-heading .elementor-heading-title.elementor-size-large{font-size:29px}.elementor-widget-heading .elementor-heading-title.elementor-size-xl{font-size:39px}.elementor-widget-heading .elementor-heading-title.elementor-size-xxl{font-size:59px}<\/style><h2 class=\"elementor-heading-title elementor-size-default\">Datos del cliente<\/h2>\t\t<\/div>\n\t\t\t\t<\/div>\n\t\t\t\t\t<\/div>\n\t\t\t\t<\/div>\n\t\t<div class=\"elementor-element elementor-element-f2db046 e-flex e-con-boxed e-con e-parent\" data-id=\"f2db046\" data-element_type=\"container\" data-settings=\"{&quot;content_width&quot;:&quot;boxed&quot;}\" data-core-v316-plus=\"true\">\n\t\t\t\t\t<div class=\"e-con-inner\">\n\t\t\t\t<div class=\"elementor-element elementor-element-0510690 elementor-widget elementor-widget-shortcode\" data-id=\"0510690\" data-element_type=\"widget\" data-widget_type=\"shortcode.default\">\n\t\t\t\t<div class=\"elementor-widget-container\">\n\t\t\t\t\t<div class=\"elementor-shortcode\">\n<div class=\"wpcf7 no-js\" id=\"wpcf7-f19-o1\" lang=\"es-ES\" dir=\"ltr\">\n<div class=\"screen-reader-response\"><p role=\"status\" aria-live=\"polite\" aria-atomic=\"true\"><\/p> <ul><\/ul><\/div>\n<form action=\"\/index.php?rest_route=%2Fwp%2Fv2%2Fpages%2F8#wpcf7-f19-o1\" method=\"post\" class=\"wpcf7-form init\" aria-label=\"Formulario de contacto\" novalidate=\"novalidate\" data-status=\"init\">\n<div style=\"display: none;\">\n<input type=\"hidden\" name=\"_wpcf7\" value=\"19\" \/>\n<input type=\"hidden\" name=\"_wpcf7_version\" value=\"5.8.7\" \/>\n<input type=\"hidden\" name=\"_wpcf7_locale\" value=\"es_ES\" \/>\n<input type=\"hidden\" name=\"_wpcf7_unit_tag\" value=\"wpcf7-f19-o1\" \/>\n<input type=\"hidden\" name=\"_wpcf7_container_post\" value=\"0\" \/>\n<input type=\"hidden\" name=\"_wpcf7_posted_data_hash\" value=\"\" \/>\n<input type=\"hidden\" name=\"_wpcf7cf_hidden_group_fields\" value=\"[]\" \/>\n<input type=\"hidden\" name=\"_wpcf7cf_hidden_groups\" value=\"[]\" \/>\n<input type=\"hidden\" name=\"_wpcf7cf_visible_groups\" value=\"[]\" \/>\n<input type=\"hidden\" name=\"_wpcf7cf_repeaters\" value=\"[]\" \/>\n<input type=\"hidden\" name=\"_wpcf7cf_steps\" value=\"{}\" \/>\n<input type=\"hidden\" name=\"_wpcf7cf_options\" value=\"{&quot;form_id&quot;:19,&quot;conditions&quot;:[{&quot;then_field&quot;:&quot;group-datosfiscales&quot;,&quot;and_rules&quot;:[{&quot;if_field&quot;:&quot;factura&quot;,&quot;operator&quot;:&quot;equals&quot;,&quot;if_value&quot;:&quot;SI&quot;}]},{&quot;then_field&quot;:&quot;group-rfccliente&quot;,&quot;and_rules&quot;:[{&quot;if_field&quot;:&quot;factura&quot;,&quot;operator&quot;:&quot;equals&quot;,&quot;if_value&quot;:&quot;SI&quot;}]},{&quot;then_field&quot;:&quot;group-datosfiscales&quot;,&quot;and_rules&quot;:[{&quot;if_field&quot;:&quot;factura&quot;,&quot;operator&quot;:&quot;equals&quot;,&quot;if_value&quot;:&quot;SI&quot;}]}],&quot;settings&quot;:{&quot;animation&quot;:&quot;yes&quot;,&quot;animation_intime&quot;:200,&quot;animation_outtime&quot;:200,&quot;conditions_ui&quot;:&quot;normal&quot;,&quot;notice_dismissed&quot;:false}}\" \/>\n<input type=\"hidden\" name=\"redirect_nonce\" value=\"c24d8b57c7\" \/>\n<input type=\"hidden\" name=\"wpcf7cfpdf_hidden_name\" value=\"formato-unico-de-nombrecompleto\" \/>\n<input type=\"hidden\" name=\"wpcf7cfpdf_hidden_reference\" value=\"69e066410c3aa\" \/>\n<input type=\"hidden\" name=\"wpcf7cfpdf_hidden_date\" value=\"abril15,2026\" \/>\n<\/div>\n<p><label> Nombre Completo:<br \/>\n<span class=\"wpcf7-form-control-wrap\" data-name=\"nombrecompleto\"><input size=\"40\" class=\"wpcf7-form-control wpcf7-text wpcf7-validates-as-required\" aria-required=\"true\" aria-invalid=\"false\" value=\"\" type=\"text\" name=\"nombrecompleto\" \/><\/span> <\/label>\n<\/p>\n<p><label> Direccion:<br \/>\n<span class=\"wpcf7-form-control-wrap\" data-name=\"Direcion\"><input size=\"40\" class=\"wpcf7-form-control wpcf7-text wpcf7-validates-as-required\" aria-required=\"true\" aria-invalid=\"false\" value=\"\" type=\"text\" name=\"Direcion\" \/><\/span> <\/label>\n<\/p>\n<p><label>Colonia:<br \/>\n<span class=\"wpcf7-form-control-wrap\" data-name=\"Colonia\"><input size=\"40\" class=\"wpcf7-form-control wpcf7-text wpcf7-validates-as-required\" aria-required=\"true\" aria-invalid=\"false\" value=\"\" type=\"text\" name=\"Colonia\" \/><\/span> <\/label>\n<\/p>\n<html>\n\t<style>\n.columna\n{float:left;\nwidth:15%;\nborder:0px solid;\n\n}\n@media (max-width: 780px) {\n.columna {float:none;width:100%;}\n}\n\t<\/style>\n\t<body>\n\t\t<div class=\"columna\" align=\"center\">\n\t\t\t<p>Estado:\n\t\t\t<\/p>\n\t\t<\/div>\n\t\t<div class=\"columna\"  >\n\t\t\t<p><span class=\"wpcf7-form-control-wrap\" data-name=\"estado\"><input size=\"40\" class=\"wpcf7-form-control wpcf7-text wpcf7-validates-as-required\" aria-required=\"true\" aria-invalid=\"false\" value=\"\" type=\"text\" name=\"estado\" \/><\/span>\n\t\t\t<\/p>\n\t\t<\/div>\n\t\t<div class=\"columna\" align=\"center\">\n\t\t\t<p>CP:\n\t\t\t<\/p>\n\t\t<\/div>\n\t\t<div class=\"columna\">\n\t\t\t<p><span class=\"wpcf7-form-control-wrap\" data-name=\"cp\"><input class=\"wpcf7-form-control wpcf7-number wpcf7-validates-as-required wpcf7-validates-as-number\" aria-required=\"true\" aria-invalid=\"false\" value=\"\" type=\"number\" name=\"cp\" \/><\/span>\n\t\t\t<\/p>\n\t\t<\/div>\n\t\t<div class=\"columna\"align=\"center\">\n\t\t\t<p>Municipio\/Delegacion:\n\t\t\t<\/p>\n\t\t<\/div>\n\t\t<div class=\"columna\">\n\t\t\t<p><span class=\"wpcf7-form-control-wrap\" data-name=\"delega\"><input size=\"40\" class=\"wpcf7-form-control wpcf7-text wpcf7-validates-as-required\" aria-required=\"true\" aria-invalid=\"false\" value=\"\" type=\"text\" name=\"delega\" \/><\/span>\n\t\t\t<\/p>\n\t\t<\/div>\n\t<\/body>\n\t<body>\n\t\t<div class=\"columna\" align=\"center\">\n\t\t\t<p>Tel. Casa\n\t\t\t<\/p>\n\t\t<\/div>\n\t\t<div class=\"columna\"  >\n\t\t\t<p><span class=\"wpcf7-form-control-wrap\" data-name=\"telcasa\"><input size=\"40\" class=\"wpcf7-form-control wpcf7-tel wpcf7-validates-as-required wpcf7-text wpcf7-validates-as-tel\" aria-required=\"true\" aria-invalid=\"false\" value=\"\" type=\"tel\" name=\"telcasa\" \/><\/span>\n\t\t\t<\/p>\n\t\t<\/div>\n\t\t<div class=\"columna\" align=\"center\">\n\t\t\t<p>Tel. Celular:\n\t\t\t<\/p>\n\t\t<\/div>\n\t\t<div class=\"columna\">\n\t\t\t<p><span class=\"wpcf7-form-control-wrap\" data-name=\"telcel\"><input size=\"40\" class=\"wpcf7-form-control wpcf7-tel wpcf7-validates-as-required wpcf7-text wpcf7-validates-as-tel\" aria-required=\"true\" aria-invalid=\"false\" value=\"\" type=\"tel\" name=\"telcel\" \/><\/span>\n\t\t\t<\/p>\n\t\t<\/div>\n\t\t<div class=\"columna\"align=\"center\">\n\t\t\t<p>Tel. Oficina:\n\t\t\t<\/p>\n\t\t<\/div>\n\t\t<div class=\"columna\">\n\t\t\t<p><span class=\"wpcf7-form-control-wrap\" data-name=\"teloficina\"><input size=\"40\" class=\"wpcf7-form-control wpcf7-tel wpcf7-text wpcf7-validates-as-tel\" aria-invalid=\"false\" value=\"\" type=\"tel\" name=\"teloficina\" \/><\/span>\n\t\t\t<\/p>\n\t\t<\/div>\n\t<\/body>\n\t<body>\n\t\t<div class=\"columna\" align=\"center\">\n\t\t\t<p>Email:\n\t\t\t<\/p>\n\t\t<\/div>\n\t\t<div class=\"columna\"  >\n\t\t\t<p><span class=\"wpcf7-form-control-wrap\" data-name=\"emailcliente\"><input size=\"40\" class=\"wpcf7-form-control wpcf7-email wpcf7-validates-as-required wpcf7-text wpcf7-validates-as-email\" aria-required=\"true\" aria-invalid=\"false\" value=\"\" type=\"email\" name=\"emailcliente\" \/><\/span>\n\t\t\t<\/p>\n\t\t<\/div>\n\t\t<div class=\"columna\"align=\"center\">\n\t\t\t<p>Requiere Factura:\n\t\t\t<\/p>\n\t\t<\/div>\n\t\t<div class=\"columna\">\n\t\t\t<p><span class=\"wpcf7-form-control-wrap\" data-name=\"factura\"><span class=\"wpcf7-form-control wpcf7-radio\"><span class=\"wpcf7-list-item first\"><label><input type=\"radio\" name=\"factura\" value=\"SI\" \/><span class=\"wpcf7-list-item-label\">SI<\/span><\/label><\/span><span class=\"wpcf7-list-item last\"><label><input type=\"radio\" name=\"factura\" value=\"NO\" checked=\"checked\" \/><span class=\"wpcf7-list-item-label\">NO<\/span><\/label><\/span><\/span><\/span>\n\t\t\t<\/p>\n\t\t<\/div>\n\t<\/body>\n\t<body>\n\t\t<div class=\"columna\" align=\"center\">\n\t\t\t<div data-id=\"group-datosfiscales\" data-orig_data_id=\"group-datosfiscales\"  data-class=\"wpcf7cf_group\">\n\t\t\t\t<p>Datos Fiscales:\n\t\t\t\t<\/p>\n\t\t\t<\/div>\n\t\t<\/div>\n\t\t<div class=\"columna\"  >\n\t\t\t<div data-id=\"group-datosfiscales\" data-orig_data_id=\"group-datosfiscales\"  data-class=\"wpcf7cf_group\">\n\t\t\t\t<p><span class=\"wpcf7-form-control-wrap\" data-name=\"datosfiscales\"><input size=\"40\" class=\"wpcf7-form-control wpcf7-text wpcf7-validates-as-required\" aria-required=\"true\" aria-invalid=\"false\" value=\"\" type=\"text\" name=\"datosfiscales\" \/><\/span>\n\t\t\t\t<\/p>\n\t\t\t<\/div>\n\t\t<\/div>\n\t\t<div class=\"columna\"align=\"center\">\n\t\t\t<div data-id=\"group-datosfiscales\" data-orig_data_id=\"group-datosfiscales\"  data-class=\"wpcf7cf_group\">\n\t\t\t\t<p>R.F.C:\n\t\t\t\t<\/p>\n\t\t\t<\/div>\n\t\t<\/div>\n\t\t<div class=\"columna\">\n\t\t\t<div data-id=\"group-rfccliente\" data-orig_data_id=\"group-rfccliente\"  data-class=\"wpcf7cf_group\">\n\t\t\t\t<p><span class=\"wpcf7-form-control-wrap\" data-name=\"rfccliente\"><input size=\"40\" class=\"wpcf7-form-control wpcf7-text wpcf7-validates-as-required\" aria-required=\"true\" aria-invalid=\"false\" value=\"\" type=\"text\" name=\"rfccliente\" \/><\/span>\n\t\t\t\t<\/p>\n\t\t\t<\/div>\n\t\t<\/div>\n\t<\/body>\n<label><br \/>\n<\/label>\n<label><br \/>\n<\/label>\n<label><br \/>\n<\/label>\n<label><br \/>\n<\/label>\n<label><br \/>\n<\/label>\n<label><br \/>\n<\/label>\n\t\t<label><br \/>\n<\/label>\n<label><br \/>\n<\/label>\n<label><br \/>\n<\/label>\n<label><br \/>\n<\/label>\n<label><br \/>\n<\/label>\n<label><br \/>\n<\/label>\n<label><br \/>\n<\/label>\n<label><br \/>\n<\/label>\n<label><br \/>\n<\/label>\n\nUna vez pagados y facturados los servicios, no es posible hacer re-facturaci\u00f3n.\n\t\n<label><br \/>\nCOMO SE ENTERO DE NOSOTROS:<br \/>\n<\/label>\n<span class=\"wpcf7-form-control-wrap\" data-name=\"nosotros\"><span class=\"wpcf7-form-control wpcf7-radio\"><span class=\"wpcf7-list-item first\"><label><input type=\"radio\" name=\"nosotros\" value=\"RECOMENDACI\u00d3N\" \/><span class=\"wpcf7-list-item-label\">RECOMENDACI\u00d3N<\/span><\/label><\/span><span class=\"wpcf7-list-item\"><label><input type=\"radio\" name=\"nosotros\" value=\"REDES SOCIALES\" \/><span class=\"wpcf7-list-item-label\">REDES SOCIALES<\/span><\/label><\/span><span class=\"wpcf7-list-item\"><label><input type=\"radio\" name=\"nosotros\" value=\"PERIODICO\" \/><span class=\"wpcf7-list-item-label\">PERIODICO<\/span><\/label><\/span><span class=\"wpcf7-list-item\"><label><input type=\"radio\" name=\"nosotros\" value=\"AMERICAN EXPRESS\" \/><span class=\"wpcf7-list-item-label\">AMERICAN EXPRESS<\/span><\/label><\/span><span class=\"wpcf7-list-item last\"><label><input type=\"radio\" name=\"nosotros\" value=\"RADIO\" checked=\"checked\" \/><span class=\"wpcf7-list-item-label\">RADIO<\/span><\/label><\/span><\/span><\/span>\n<label><br \/>\nACEPTO EL SEGURO DE VIAJE QUE ME OFRECEN BAJO EL ENTENDIMIENTO QUE LA AGENCIA ES SOLAMENTE UNA INTERMEDIARIA<br \/>\n<\/label>\n<span class=\"wpcf7-form-control-wrap\" data-name=\"radio-seguro\"><span class=\"wpcf7-form-control wpcf7-radio\"><span class=\"wpcf7-list-item first\"><label><input type=\"radio\" name=\"radio-seguro\" value=\"SI\" checked=\"checked\" \/><span class=\"wpcf7-list-item-label\">SI<\/span><\/label><\/span><span class=\"wpcf7-list-item last\"><label><input type=\"radio\" name=\"radio-seguro\" value=\"NO\" \/><span class=\"wpcf7-list-item-label\">NO<\/span><\/label><\/span><\/span><\/span>\n<label><br \/>\nHE SIDO INFORMADO DE LOS DOCUMENTOS MIGRATORIOS Y VISAS REQUERIDOS<br \/>\n<\/label>\n<span class=\"wpcf7-form-control-wrap\" data-name=\"radio-migratorios\"><span class=\"wpcf7-form-control wpcf7-radio\"><span class=\"wpcf7-list-item first\"><label><input type=\"radio\" name=\"radio-migratorios\" value=\"SI\" checked=\"checked\" \/><span class=\"wpcf7-list-item-label\">SI<\/span><\/label><\/span><span class=\"wpcf7-list-item last\"><label><input type=\"radio\" name=\"radio-migratorios\" value=\"NO\" \/><span class=\"wpcf7-list-item-label\">NO<\/span><\/label><\/span><\/span><\/span>\n\n<label><br \/>\n<label><br \/>\n<span class=\"wpcf7-form-control-wrap\" data-name=\"Aceptacion\"><span class=\"wpcf7-form-control wpcf7-acceptance\"><span class=\"wpcf7-list-item\"><label><input type=\"checkbox\" name=\"Aceptacion\" value=\"1\" aria-invalid=\"false\" \/><span class=\"wpcf7-list-item-label\">ACEPTO LOS TERMINOS Y CONDICIONES APLICABLES AL VIAJE CONTRATADO Y DE LOS CUALES HE SIDO INFORMADO QUE VIAJES INTERMEX ACTUA UNICAMENTE COMO INTERMEDIARIO ENTRE EL OPERADOR FINAL DE LOS SERVICIOS Y EL CLIENTE.   <a href=\"https:\/\/neteclipse.net\/complement\/Formato%20Terminos%20y%20condiciones%202021.pdf\" target=\"_blank\">TERMINOS Y CONDICIONES<\/a><\/span><\/label><\/span><\/span><\/span><br \/>\n<label>HE SIDO INFORMADO Y ACEPTO LAS POLITICAS DE CANCELACI\u00d3N APLICABLES AL VIAJE CONTRATADO <\/label><br \/>\n<span class=\"wpcf7-form-control-wrap\" data-name=\"radio-politicas\"><span class=\"wpcf7-form-control wpcf7-radio\"><span class=\"wpcf7-list-item first\"><label><input type=\"radio\" name=\"radio-politicas\" value=\"SI\" checked=\"checked\" \/><span class=\"wpcf7-list-item-label\">SI<\/span><\/label><\/span><span class=\"wpcf7-list-item last\"><label><input type=\"radio\" name=\"radio-politicas\" value=\"NO\" \/><span class=\"wpcf7-list-item-label\">NO<\/span><\/label><\/span><\/span><\/span><br \/>\n<label>HE SIDO INFORMADO DE LAS TARIFAS, IMPUESTOS Y COSTOS ADICIONALES QUE INCLUYEN EL VIAJE CONTRATADO<\/label><br \/>\n<span class=\"wpcf7-form-control-wrap\" data-name=\"radio-Tarifas\"><span class=\"wpcf7-form-control wpcf7-radio\"><span class=\"wpcf7-list-item first\"><label><input type=\"radio\" name=\"radio-Tarifas\" value=\"SI\" checked=\"checked\" \/><span class=\"wpcf7-list-item-label\">SI<\/span><\/label><\/span><span class=\"wpcf7-list-item last\"><label><input type=\"radio\" name=\"radio-Tarifas\" value=\"NO\" \/><span class=\"wpcf7-list-item-label\">NO<\/span><\/label><\/span><\/span><\/span><br \/>\n<label>Email Agente de Viajes<\/label><br \/>\n<span class=\"wpcf7-form-control-wrap\" data-name=\"email-agente\"><input size=\"40\" class=\"wpcf7-form-control wpcf7-email wpcf7-validates-as-required wpcf7-text wpcf7-validates-as-email\" aria-required=\"true\" aria-invalid=\"false\" value=\"\" type=\"email\" name=\"email-agente\" \/><\/span><br \/>\n<label><br \/>\nVIAJES INTERMEX S.A. DE C.V., con domicilio en Blvd. Manuel \u00c1vila Camacho 184 P.B. Col. Reforma Social, Delegaci\u00f3n Miguel Hidalgo CP 11650, Ciudad de M\u00e9xico, es responsable del uso y protecci\u00f3n de sus datos personales que se recaben. Para mayor informaci\u00f3n usted puede acceder al aviso de privacidad integral a trav\u00e9s de nuestra p\u00e1gina web <a href=\"https:\/\/www.viajesintermex.com.mx\/aviso-de-privacidad\" target=\"_blank\"> AVISO DE PRIVACIDAD<\/a><br \/>\n<label><br \/>\n<div class=\"dscf7_signature\">\n\t\t\t<div class=\"dscf7_signature_inner\">\n\t\t\t\t<canvas id=\"digital_signature-pad_signature-35\" name=\"signature-35\" class=\"digital_signature-pad\" color=\"#000000\" backcolor=\"#dddddd\" width=\"340\" height=\"200\"><\/canvas>\n\t\t\t\t<input class=\"clearButton\" type=\"button\" value=\"+\">\n\t\t\t<\/div>\n\t\t\t<span class=\"wpcf7-form-control-wrap signature-35\">\n\t\t\t\t<input class=\"wpcf7-form-control wpcf7-signature wpcf7-validates-as-requiredwpcf7-validates-as-signaturedscf7-signature\" value=\"\" type=\"hidden\" name=\"signature-35\"\/>\n\t\t\t\t<input type=\"hidden\" name=\"signature-35-attachment\" class=\"wpcf7_input_signature-35_attachment\"\/>\n\t\t\t\t<input type=\"hidden\" name=\"signature-35-inline\" class=\"wpcf7_input_signature-35_inline\"\/>\n\t\t\t<\/span>\n\t\t<\/div><br \/>\n<input class=\"wpcf7-form-control wpcf7-submit has-spinner\" type=\"submit\" value=\"Enviar\" \/><\/label><\/label><\/label><\/label>\n<\/html><div class=\"wpcf7-response-output\" aria-hidden=\"true\"><\/div>\n<\/form>\n<\/div>\n<\/div>\n\t\t\t\t<\/div>\n\t\t\t\t<\/div>\n\t\t\t\t\t<\/div>\n\t\t\t\t<\/div>\n\t\t\t\t<\/div>\n\t\t","protected":false},"excerpt":{"rendered":"<p>Datos del cliente<\/p>\n","protected":false},"author":1,"featured_media":0,"parent":0,"menu_order":0,"comment_status":"closed","ping_status":"closed","template":"elementor_canvas","meta":{"site-sidebar-layout":"no-sidebar","site-content-layout":"","ast-site-content-layout":"full-width-container","site-content-style":"default","site-sidebar-style":"default","ast-global-header-display":"","ast-banner-title-visibility":"","ast-main-header-display":"","ast-hfb-above-header-display":"","ast-hfb-below-header-display":"","ast-hfb-mobile-header-display":"","site-post-title":"disabled","ast-breadcrumbs-content":"","ast-featured-img":"disabled","footer-sml-layout":"","theme-transparent-header-meta":"","adv-header-id-meta":"","stick-header-meta":"","header-above-stick-meta":"","header-main-stick-meta":"","header-below-stick-meta":"","astra-migrate-meta-layouts":"default","ast-page-background-enabled":"default","ast-page-background-meta":{"desktop":{"background-color":"var(--ast-global-color-4)","background-image":"","background-repeat":"repeat","background-position":"center center","background-size":"auto","background-attachment":"scroll","background-type":"","background-media":"","overlay-type":"","overlay-color":"","overlay-gradient":""},"tablet":{"background-color":"","background-image":"","background-repeat":"repeat","background-position":"center center","background-size":"auto","background-attachment":"scroll","background-type":"","background-media":"","overlay-type":"","overlay-color":"","overlay-gradient":""},"mobile":{"background-color":"","background-image":"","background-repeat":"repeat","background-position":"center center","background-size":"auto","background-attachment":"scroll","background-type":"","background-media":"","overlay-type":"","overlay-color":"","overlay-gradient":""}},"ast-content-background-meta":{"desktop":{"background-color":"var(--ast-global-color-5)","background-image":"","background-repeat":"repeat","background-position":"center center","background-size":"auto","background-attachment":"scroll","background-type":"","background-media":"","overlay-type":"","overlay-color":"","overlay-gradient":""},"tablet":{"background-color":"var(--ast-global-color-5)","background-image":"","background-repeat":"repeat","background-position":"center center","background-size":"auto","background-attachment":"scroll","background-type":"","background-media":"","overlay-type":"","overlay-color":"","overlay-gradient":""},"mobile":{"background-color":"var(--ast-global-color-5)","background-image":"","background-repeat":"repeat","background-position":"center center","background-size":"auto","background-attachment":"scroll","background-type":"","background-media":"","overlay-type":"","overlay-color":"","overlay-gradient":""}},"footnotes":""},"class_list":["post-8","page","type-page","status-publish","hentry"],"_links":{"self":[{"href":"https:\/\/vintermex.com.mx\/index.php?rest_route=\/wp\/v2\/pages\/8","targetHints":{"allow":["GET"]}}],"collection":[{"href":"https:\/\/vintermex.com.mx\/index.php?rest_route=\/wp\/v2\/pages"}],"about":[{"href":"https:\/\/vintermex.com.mx\/index.php?rest_route=\/wp\/v2\/types\/page"}],"author":[{"embeddable":true,"href":"https:\/\/vintermex.com.mx\/index.php?rest_route=\/wp\/v2\/users\/1"}],"replies":[{"embeddable":true,"href":"https:\/\/vintermex.com.mx\/index.php?rest_route=%2Fwp%2Fv2%2Fcomments&post=8"}],"version-history":[{"count":10,"href":"https:\/\/vintermex.com.mx\/index.php?rest_route=\/wp\/v2\/pages\/8\/revisions"}],"predecessor-version":[{"id":22,"href":"https:\/\/vintermex.com.mx\/index.php?rest_route=\/wp\/v2\/pages\/8\/revisions\/22"}],"wp:attachment":[{"href":"https:\/\/vintermex.com.mx\/index.php?rest_route=%2Fwp%2Fv2%2Fmedia&parent=8"}],"curies":[{"name":"wp","href":"https:\/\/api.w.org\/{rel}","templated":true}]}}